 + -7 - (3 + 1).
-1
Evaluate -22 + 12 + 4 + 7.
1
Evaluate 9 - -10 - 11 - -2.
10
What is -1 + -6 - (-5 - (-20 - -20))?
-2
What is (-3 - (-16 + 3)) + -6?
4
Evaluate (10 + -2 - (5 + -3)) + -1.
5
Evaluate -3 + (0 - (-1 - 4)) + 3.
5
Calculate (-29 - -31) + (2 - (5 + -2)).
1
1 + 1 - (-2 + -7 - -14)
-3
What is -2 - ((-1 - -1) + 0 + -4)?
2
What is 0 + (0 - -5) + 0 + -4?
1
-7 - 0 - (-4 + -1)
-2
Calculate (-11 - -9) + -4 + (-6 - -10).
-2
-1 + 0 + (-5 - -1)
-5
9 + (-7 - -3) + -4
1
Calculate -10 + 10 + (-2 - 4).
-6
(0 + 0 - (1 - -4)) + 5
0
Evaluate 3 + 4 + 1 + -5 + -3.
0
What is the value of (-3 - 2) + (10 - (3 + 4))?
-2
What is 3 - -2 - (55 - 47)?
-3
What is (-6 - (8 + -20)) + 2?
8
What is the value of 7 + 3 + -8 + -3?
-1
Evaluate 7 - 2 - (-14 - -19).
0
What is the value of -3 + (-3 - 2) + 3 - -2?
-3
Evaluate 0 - (1 + -6 + -1).
6
-13 + 2 + (0 - -1)
-10
Calculate (0 - 3 - 1) + 1.
-3
Calculate (2 - -4) + -4 + -1.
1
25 + -8 + 2 + -12
7
What is the value of (-6 + (4 - 0) - -5) + -4?
-1
Evaluate (4 - (0 - 0)) + -7 - 1.
-4
What is the value of 9 + -2 + (-13 - 0)?
-6
Evaluate (2 + -1 + 1 - 2) + -2.
-2
-5 + 4 + 0 + 6
5
Calculate 11 + ((-5 - 2) + 15 - 11).
8
9 + -10 + -1 + 1 + 1
0
What is the value of (3 - (7 - 5)) + -2 - 0?
-1
Calculate (-8 - -1) + 14 + -11.
-4
Evaluate (-4 - (0 + 1)) + 3.
-2
What is the value of -11 + 6 + (-5 - 0)?
-10
What is -2 + -2 + 6 - (-21 + 23)?
0
What is the value of -15 + 10 - (0 + -1)?
-4
What is the value of 7 - 9 - (1 - 4)?
1
What is 21 - 7 - 11 - -2?
5
What is -2 - -9 - 2 - (168 - 167)?
4
What is the value of -3 + 2 + 0 + -3 + -1?
-5
What is -39 + 39 - (0 + 0)?
0
What is (9 - 6) + 1 + -4?
0
Evaluate 5 + (-4 + 3 - (12 - 3)).
-5
-10 - ((0 - 0) + -6)
-4
(-4 + 0 - -5) + -4
-3
1 - 3 - (-1 - 1)
0
Evaluate -1 - (-4 - (-2 + 2)).
3
What is -1 + 3 + (2 - (2 + 6))?
-4
What is the value of 2 + 3 + (-10 - (7 + -12))?
0
Calculate 3 - (4 - (4 - -2)).
5
Evaluate 10 + (7 - 21) + 8.
4
What is -5 + (1 - -4) + -2?
-2
What is the value of 0 + -4 + 10 + -1?
5
What is -1 + 0 - (14 + -9 - 5)?
-1
What is the value of 5 + -7 - 3 - (-1 + 1)?
-5
What is the value of (0 + 2 - 6) + 9 - 5?
0
Calculate 5 + -3 + -3 + 6.
5
Evaluate (2 - -1) + (-5 - (-2 - 2)).
2
Evaluate (17 - 11) + -2 + -9.
-5
What is ((-4 - -7) + -6 - 4) + 5?
-2
What is the value of 2 - 7 - (-1 - 2)?
-2
What is the value of -1 + -1 - (-9 - (7 + -10))?
4
What is the value of 9 + (-19 - -5) - -8?
3
Calculate 8 - 12 - (2 - 11).
5
3 - (-1 + (10 - (2 - 1)))
-5
(1 - (3 - 2)) + 5 + 0
5
5 + (-1 - 6 - -6)
4
2 + 0 - ((3 - 4) + 2)
1
What is 5 + 6 - (5 - -1)?
5
What is the value of (-6 - (4 - 5)) + -12 + 17?
0
What is (5 - 4 - -4) + 0 + 6?
11
Evaluate (3 - 3) + -7 + 4 + 0.
-3
What is the value of 2 + (-10 - -18 - (7 - 1))?
4
0 + -1 + 1 + (-1 - 1)
-2
Calculate -2 - (14 + (5 - 13)).
-8
What is -11 + (11 - (1 - -3))?
-4
(6 - -2 - (-2 + 4)) + -2
4
What is the value of 4 + -6 + 3 - (-4 + 8)?
-3
What is 2 - 2 - (-41 + 50)?
-9
What is the value of -6 + (-9 - -7) - (2 + 1)?
-11
Evaluate 4 + -7 - -5 - (6 - 3).
-1
(-2 - (3 + -1 + -3)) + -1
-2
Calculate (1 - (-2 - 1)) + (0 - 2).
2
What is the value of -6 + (-19 + 25 - (3 - 0))?
-3
What is -2 - (10 - (1 + 7))?
-4
Calculate 2 + 1 + -3 + (-20 - -24).
4
What is the value of 4 - (3 + (-4 - -4))?
1
What is -2 + -1 + (-2 - 2) + 3?
-4
What is the value of -2 + (-9 + 12 - (3 - -1))?
-3
What is the value of (-31 - -27) + (1 - -2) - 2?
-3
Calculate 4 + 2 + -1 + -2 + -7.
-4
What is 6 + (-2 - 0) + (7 - 9)?
2
13 + (-10 - (-2 - 1))
6
What is the value of 8 - (11 + -20 + 11)?
6
Calculate 3 + (-2 - (-1 - -3)) + 0.
-1
Calculate 4 + -11 + 3 + (19 - 13).
2
What is the value of 5 - -4 - (-1 - -4) - 15?
-9
-1 + (1 - 2) + 3 + -4
-3
What is the value of 1 + (-4 + -5 - 0)?
-8
-1 + 1 + (0 - -4)
4
What is (20 - (-6 + 11)) + -12?
3
0 - ((-1 - -1) + -1 - -2)
-1
Calculate -4 - (3 - -3 - 5).
-5
What is 6 + 4 + (-8 - 3) + 3?
2
Calculate -4 - (-2 + 1) - (13 - 17).
1
What is (4 - 3 - 4) + 6?
3
What is (-1 - -1) + -20 + 18?
-2
Calculate 1 + (6 + -3 - 1).
3
(-14 - -9) + -6 + 1 + 19
9
Evaluate (215 - 211) + 4 + 1.
9
What is 26 + -26 - (1 + -1 + -1)?
1
Evaluate -4 - ((13 - 5) + -9).
-3
Evaluate (1 + -2 + -1 - 3) + 1.
-4
What is -24 + 29 + (-2 - 0)?
3
Calculate -4 + 1 - (-3 + -9 + 16).
-7
4 + (0 + 0 - 3)
1
Evaluate 5 + (-2 - 5) + -2 + -1.
-5
What is 1 + 0 + (-2 - 1)?
-2
-10 + 4 + 11 + 0 - 2
3
-4 + 1 + 0 + 32 + -34
-5
Calculate -10 - (-1 - 3) - (-1 + -2).
-3
(-24 - -18) + 2 + 1
-3
What is the value of 1 - (-1 + 3 + -22 + 23)?
-2
Evaluate 14 - 3 - (9 + -5).
7
(9 - 16) + 1 + 2 - -7
3
What is 7 - (-5 + 14) - -5?
3
What is 2 - (8 + -8 - -7)?
-5
What is the value of 7 - -1 - (-19 + 25)?
2
Calculate (-1 + 10 - (0 + 0)) + -1.
8
Evaluate 3 + (-1 - 2) - (0 + 2).
-2
-8 + (1 - -5 - 4)
-6
Evaluate 2 + -12 + -1 - -2.
-9
(-6 + 4 + -2 - -5) + 0
1
Evaluate 0 - 2 - (-12 + 12).
-2
Calculate (11 - -2) + -8 - -1.
6
(4 - -9) + -5 + -10
-2
Calculate 1 + 4 + -2 + 1 + -5.
-1
12 - (1 + 1 - -4)
6
Evaluate 5 + 0 + 8 + -12.
1
What is (-5 - (-10 - 5) - 5) + -2?
3
What is the value of 4 + -4 + (5 - (-5 + 9))?
1
Calculate 3 + (-7 - (-2 + 0)).
-2
0 + (-10 - -10) + -1
-1
What is 8 - (1 + (3 - 0))?
4
What is (1 - (3 - 6)) + 3 + -3?
4
What is -5 - (-5 + -8 + 4)?
4
-4 - ((-4 - (6 - 14)) + -2)
-6
Evaluate (1 + -5 - 1) + 0.
-5
Evaluate (0 - 4 - (-11 + 7)) + 1.
1
What is -13 + 20 + 1 + -6?
2
Calculate 5 + -1 - (1 - (1 + -2)).
2
What is -7 + (26 - 23 - (-1 + 0))?
-3
What is -10 - (3 - (-2 + 10))?
-5
What is (-13 - -12) + (-3 - 7) + 4?
-7
What is the value of (-3 - 0) + 2 - (-1 + -2)?
2
What is the value of 10 - 11 - (-5 - 0)?
4
Calculate 5 - 3 - 11 - -4.
-5
4 - (8 + -1 + -5)
2
Evaluate 0 + -3 - (4 + -9).
2
Evaluate 3 + 6 + (12 - 12).
9
What is the value of 4 + 0 - (23 + -19)?
0
Calculate 5 - (2 + 7 + -1) - -5.
2
Calculate (1 - 0) + 1 - (4 + 0).
-2
Calculate 0 - (4 + -7) - 6.
-3
5 + 14 + -22 - (4 - -1)
-8
(-3 - -6) + -9 - (33 - 47)
8
Calculate -4 + (-4 - -4) + -5.
-9
-4 + -5 + -2 + (2 - -2)
-7
Calculate -1 - 4 - (5 + -11) - -5.
6
What is the value of (-3 - -8) + -8 + 8?
5
Evaluate 6 - ((13 - 6) + 2).
-3
Calculate -6 - -12 - (1 + 7).
-2
What is the value of (1 - (-6 - -3)) + -4?
0
Evaluate 1 - -5 - (0 + 2).
4
(10 - 2 - 4) + -2
2
What is -12 + 17 + 9 + -3?
11
6 + -3 + (-7 - -3)
-1
What is the value of 2 + -4 + (-4 - (0 - 6))?
0
Evaluate -1 + (0 - (1 - 4)).
2
Evaluate -6 + ((-3 - 3) + 1 - -6).
-5
What is 1 + -14 + 2 - -18?
7
Evaluate (4 - (2 + -4 - -10)) + -1.
-5
(3 + 1 - 3) + (-4 - -2)
-1
Evaluate -2 + (-3 - -7 - 2).
0
What is (1 - ((-1 - 0) + -6)) + -6?
2
What is 2 - 0 - (-6 + 11)?
-3
Calculate -4 - (-7 + -1 + 2).
2
What is the value of 3 - (3 + -4) - (1 - -3)?
0
What is the value of -3 - (1 + -4 + 2)?
-2
What is (2 - (-3 + 1)) + -59 + 56?
1
Evaluate 3 + 3 - (15 + -8 + 10).
-11
1 - (10 - (-5 + 8))
-6
4 + (0 - 1) + (-11 - -3)
-5
Calculate 12 + -11 + (1 - 0).
2
Evaluate -1 + (3 - (-6 + 3 + 10)).
-5
What is the value of -28 - -28 - (5 + -1 - 1)?
-3
What is 5 - 5 - -9 - 2?
7
Evaluate 2 + (1 - (5 + -2)).
0
What is -7 - (4 + -19 + 7)?
1
Calculate (2 - -1) + 5 + -4.
4
What is the value of -1 + -1 + (2 - 3)?
-3
Evaluate 1 + -3 - (2 + -4 + -2).
2
-2 + -2 + 9 + 0
5
What is the value of 3 - (1 - ((-3 - -7) + -7))?
-1
Calculate 0 - (-5 + 1 + -17 + 14).
7
Evaluate -2 + -3 + 4 + -6 - -6.
-1
Evaluate 18 + -18 + (13 - (3 + 2)).
8
-4 - (-1 + -2) - -1
0
Evaluate -2 - (-8 + 4 + 5 - -2).
-5
Evaluate (-5 - (1 + -10)) + (3 - 10).
-3
38 - 40 - (-2 + 1)
-1
What is 0 - (-8 + (-2 - -1))?
9
What is -3 + (8 - (-2 - -8))?
-1
(148 - 162) + 17 + -1
2
What is 12 - -1 - 24 - -6?
-5
Calculate 3 - (-3 - (0 + -2)).
4
Calculate 1 - -4 - 0 - (-60 - -55).
10
What is -3 + 3 - -1 - (2 - -2)?
-3
Calculate (-7 - -6) + -8 + 15.
6
Calculate -6 - -6 - -3 - -3.
6
What is the value of 1 - (1 + -3 - (0 + 2))?
5
-2 + -11 + 7 + (7 - -1)
2
What is the value of -2 + 7 + -10 - -6?
1
-1 + (5 - 3) + -3
-2
What is -9 - (-12 - 9 - -11)?
1
What is -2 + 6 + (-7 - 8 - -5)?
-6
(2 - 4) + 3 - 6
-5
What is 2 - (5 + -2 - (-1 + 3))?
1
What is the value of -1 - (1 + -5) - 6?
-3
Calculate 2 + -6 + (1 - -5) - -3.
5
What is the value of -5 + (-4 - (4 - 14))?
1
What is (-6 + 1 - -5 - 7) + 4?
-3
10 + -6 - (-7 + 4)
7
What is 6 + -5 + -2 - -1?
0
What is -3 + 5 + -4 + (0 - -3)?
1
What is 3 + 5 + 2 + -6?
4
What is 0 - (-